{"id":83,"date":"2020-04-13T00:09:58","date_gmt":"2020-04-12T22:09:58","guid":{"rendered":"https:\/\/wordpress.m-b-soft.de\/?page_id=83"},"modified":"2022-10-26T00:31:35","modified_gmt":"2022-10-25T22:31:35","slug":"pc-notdienst","status":"publish","type":"page","link":"https:\/\/www.m-b-soft.de\/?page_id=83","title":{"rendered":"Notdienst (auch im Privatbereich)"},"content":{"rendered":"\n<figure class=\"wp-block-table\"><table><tbody><tr><td class=\"has-text-align-center\" data-align=\"center\"><strong>Eine funktionierende IT Infrastruktur ist heut&#8216; zu Tage f\u00fcr jedes Unternehmen \u00fcberlebenswichtig. Deshalb sind wir f\u00fcr Sie da, wir kommen wenn es brennt.<\/strong><br><br><\/td><\/tr><tr><td class=\"has-text-align-center\" data-align=\"center\"><strong>24 Stunden am Tage,<br>7 Tage die Woche,<br>52 Wochen im Jahr!<br><\/strong><br><\/td><\/tr><tr><td class=\"has-text-align-center\" data-align=\"center\"><strong>Wir bieten:<\/strong><\/td><\/tr><tr><td class=\"has-text-align-center\" data-align=\"center\"><strong>Schnelle Hilfe zu fairen Festpreisen System- und Herstellerunabh\u00fcngig.<\/strong><br><br><\/td><\/tr><tr><td class=\"has-text-align-center\" data-align=\"center\"><strong>Rufen Sie einfach an:<\/strong><br><br><\/td><\/tr><tr><td class=\"has-text-align-center\" data-align=\"center\">+49 (0) 2632 &#8211; 95 30 83<\/td><\/tr><tr><td class=\"has-text-align-center\" data-align=\"center\"><strong>Der Anruf ist kostenfrei, Berechnung erfolgt lediglich bei Vor-Ort Eins\u00e4tzen.<\/strong><\/td><\/tr><\/tbody><\/table><\/figure>\n","protected":false},"excerpt":{"rendered":"<p>Eine funktionierende IT Infrastruktur ist heut&#8216; zu Tage f\u00fcr jedes Unternehmen \u00fcberlebenswichtig. Deshalb sind wir f\u00fcr Sie da, wir kommen wenn es brennt&#8230;.<\/p>\n","protected":false},"author":1,"featured_media":0,"parent":0,"menu_order":0,"comment_status":"closed","ping_status":"closed","template":"","meta":[],"_links":{"self":[{"href":"https:\/\/www.m-b-soft.de\/index.php?rest_route=\/wp\/v2\/pages\/83"}],"collection":[{"href":"https:\/\/www.m-b-soft.de\/index.php?rest_route=\/wp\/v2\/pages"}],"about":[{"href":"https:\/\/www.m-b-soft.de\/index.php?rest_route=\/wp\/v2\/types\/page"}],"author":[{"embeddable":true,"href":"https:\/\/www.m-b-soft.de\/index.php?rest_route=\/wp\/v2\/users\/1"}],"replies":[{"embeddable":true,"href":"https:\/\/www.m-b-soft.de\/index.php?rest_route=%2Fwp%2Fv2%2Fcomments&post=83"}],"version-history":[{"count":4,"href":"https:\/\/www.m-b-soft.de\/index.php?rest_route=\/wp\/v2\/pages\/83\/revisions"}],"predecessor-version":[{"id":433,"href":"https:\/\/www.m-b-soft.de\/index.php?rest_route=\/wp\/v2\/pages\/83\/revisions\/433"}],"wp:attachment":[{"href":"https:\/\/www.m-b-soft.de\/index.php?rest_route=%2Fwp%2Fv2%2Fmedia&parent=83"}],"curies":[{"name":"wp","href":"https:\/\/api.w.org\/{rel}","templated":true}]}}